17
Let d be 9/(-6) + 364/8. Let i = -93 + d. Let v = -13 - i. Calculate the highest common factor of 9 and v.
9
Let u(s) be the third derivative of -s**6/120 + s**5/12 + s**4/12 + 31*s**3/6 + 12*s**2. Let y be u(6). What is the highest common divisor of y and 7?
7
Let q(i) = -3*i - 22. Let z be (10/(-6))/(6/(-36)). Let w = -5 - z. Let a be q(w). Calculate the highest common divisor of 161 and a.
23
Let q(o) = 39*o - 288. Let m be q(11). Calculate the highest common factor of 376 and m.
47
Let v(x) be the first derivative of -6*x + 9 - 9/2*x**2 + 1/3*x**3. Let h be v(10). Calculate the highest common divisor of 1 and h.
1
Suppose -4*b + 87 = 5*v - 29, 0 = -4*v - 16. Let a = b - 13. What is the highest common divisor of a and 147?
21
Let a be 56/9 + (-2)/9. Suppose 3*h - 6*h - j = 311, -1 = -j. Let g = h - -152. Calculate the highest common factor of g and a.
6
Suppose 0 = 2*t - 4*z - 40, -5*t + 0*t + 2*z = -60. Let x(i) = i**3 - 13*i**2 + 5*i - 15. Let o be x(13). What is the greatest common factor of t and o?
10
Suppose -z + 10 = -c, -4*c + 9*c = 4*z - 42. Calculate the greatest common factor of z and 28.
4
Suppose 4*g = -4*n + 172, 0 = g - 6 + 3. Calculate the greatest common factor of n and 160.
40
Suppose -5*t + i = -13, -3*t - 3*i - 13 = -5*t. Let h(m) = -5*m + 3 - 6 - t. Let j be h(-4). What is the greatest common factor of j and 60?
15
Let x be (2/(-3))/((-18)/162). Let y be 7/((-21)/x) + 20. What is the highest common factor of y and 18?
18
Let h be (-38)/(-4) + 4/(-8). Let i = -50 - -77. Calculate the highest common factor of i and h.
9
Let s be 9/6*28/2. Let c be 7*1*(-4)/(-7). Suppose -331 = -4*j - b, -c*b + 2*b - 10 = 0. What is the highest common divisor of j and s?
21
Suppose 5*r - 22*k + 26*k = 828, -4*r = -5*k - 687. What is the greatest common divisor of r and 120?
24
Suppose m - 4*u - 12 = 0, 5*u = -3*m + u + 4. Suppose -5*s = 2*v - 63 + 13, s + 3*v = -3. Calculate the greatest common factor of s and m.
4
Let b(z) = -z**3 - 9*z**2 - 11*z - 8. Let a = -18 - -10. Let s be b(a). What is the greatest common divisor of 4 and s?
4
Suppose -4*j + 44 = -4. Let g = -85 - -90. Suppose 15 = 3*m, 0 = -r - g*m + 20 + 9. Calculate the highest common divisor of j and r.
4
Let u(z) = z + 15. Let a(d) = 2*d + 30. Suppose 9 = -0*p - 3*p. Let c(r) = p*a(r) + 7*u(r). Let q be c(-9). What is the greatest common factor of q and 2?
2
Suppose -8*b = -14*b - 360. Let h = b - -83. Calculate the highest common divisor of 46 and h.
23
Let o(u) = -u**2 - 11*u - 21. Let v be o(-4). What is the highest common divisor of v and 161?
7
Let u be 0/(-2) - (-10)/2. Suppose 7*n + 160 = 11*n. Calculate the highest common factor of u and n.
5
Suppose -n - 7 = -3. Let l = n + 11. Let s = 2 - -54. What is the greatest common factor of l and s?
7
Let b = -2162 + 3857. Calculate the highest common divisor of b and 15.
15
Suppose -b - 880 = -5*w, 22*b = -2*w + 23*b + 355. Calculate the greatest common divisor of w and 14.
7
Suppose -2*h - h = -54. Let x be 1 - ((-1 - -3) + 2). Let t be (-722)/(-12) + x/h. What is the highest common factor of 15 and t?
15
Let m be 1 + -4 - 21*2. Let t = m + 53. What is the greatest common divisor of t and 48?
8
Let n = 1785 + -1299. Calculate the highest common factor of 54 and n.
54
Let s be (155 - (2 - 1))*3/6. Let w = s - 66. Let y(u) = u**2 + 7*u + 1. Let d be y(7). Calculate the highest common factor of w and d.
11
Let k = -36 - -42. Suppose -k*f + f - 4*y = -13, 3*y = 4*f + 2. What is the greatest common factor of 9 and f?
1
Let j = -98 - -96. Let t be 117 + -4 - 4 - j. Calculate the greatest common divisor of 37 and t.
37
Let x = 22 - 13. Suppose 50 = 5*r - 150. Let b be (-1)/((2/54)/(r/(-15))). Calculate the highest common factor of x and b.
9
Let y(o) = 18*o**3 - o**2 - o + 2. Let t be y(1). Calculate the highest common divisor of 234 and t.
18
Suppose -39 - 13 = 2*z. Let g = 31 + z. Suppose g*c = -0*c + 140. What is the highest common divisor of 4 and c?
4
Let k be (-2 + -1 + 3)/(-2). Suppose k*v + 84 = 4*v. Suppose -p + 39 = p - 5*q, 3*p = -5*q - 4. Calculate the greatest common factor of v and p.
7
Let b(o) = -12*o**3 + 5*o**2 + 6*o + 1. Let v be b(-2). Calculate the greatest common divisor of v and 30.
15
Suppose 0 = 4*i - 2*y - 208, -2*y + 0*y = 3*i - 149. Let l = i + -30. Suppose -2*a - 7 = -l. Calculate the highest common divisor of 7 and a.
7
Let g = 20 - 23. Let s be ((-304)/(-6))/(-4)*g. Let i be 10*(-4)/8*-19. What is the greatest common factor of i and s?
19
Suppose -7*o = -3*o - 80. Let t be 2/2 + o/12*12. What is the greatest common divisor of 21 and t?
21
Suppose 0 = 24*z - 22*z - 110. Calculate the greatest common divisor of z and 10.
5
Let l(a) be the first derivative of -a**3/3 - 17*a**2/2 + 3*a + 2. Let k be l(-5). What is the highest common divisor of k and 21?
21
Suppose -3*l = -2*l - 176. Let w be ((-88)/(-32))/(2/(-8)). Let c = l - w. Calculate the greatest common factor of c and 17.
17
Suppose 7*g - 4 = 3*g. Let o be 54 - (-4)/(g - -1). Suppose -3*b = -28 + 4. Calculate the greatest common divisor of b and o.
8
Let c(i) = 3*i**2 + 62*i + 368. Let j be c(-16). Let s = -28 + 46. What is the highest common divisor of j and s?
18
Suppose 10*d = -10*d + 4180. Suppose 2*v + g = 36, 3*v - g + 17 = 4*v. Calculate the greatest common divisor of v and d.
19
Suppose -4 = 15*p - 14*p. Let d be (p/4)/(-2)*4. Calculate the highest common factor of 2 and d.
2
Suppose 7*b = 9*b. Suppose -d = -b*d - 4. Calculate the highest common divisor of d and 10.
2
Suppose 26 - 126 = -4*h. What is the highest common factor of 20 and h?
5
Let z be ((-48)/15)/((-26)/195). Suppose 0*i + 2*f - 80 = -2*i, -2*i = -5*f - 52. Calculate the greatest common factor of i and z.
12
Let o(r) = r**3 + 2*r**2 - 3*r + 4. Let l be o(3). Calculate the highest common factor of l and 90.
10
Let n = -17 + 13. Let g be 2/n*-4*8. Suppose -4*t + g = -0*b + b, 5*b - 2*t = 14. Calculate the highest common factor of b and 12.
4
Let x = 3502 - 2559. Calculate the greatest common factor of x and 23.
23
Suppose -3*x + 11 = -5*g + 99, 0 = 4*g + 2*x - 66. Suppose 3*d - g = 7. Calculate the highest common factor of d and 4.
4
Let g(i) = 4*i - 3. Let t(c) = -5*c + 4. Let b(w) = 6*g(w) + 5*t(w). Let z be b(-6). What is the greatest common factor of 16 and z?
8
Suppose -q = 2*m - 11 - 71, q - 4 = 0. Let j be 96*(m/9 - 4). Calculate the greatest common divisor of j and 48.
16
Suppose 212 = 3*u + 80. Calculate the highest common divisor of 198 and u.
22
Let o(w) = -w + 10. Let i be o(-3). Let g = i - -24. Calculate the greatest common factor of g and 37.
37
Suppose -11*p = -44 - 22. Suppose -3*u = 5*s - 42 - p, -s + 16 = -u. Calculate the highest common factor of 156 and s.
12
Let z be (-58500)/(-48) + (-28)/16 + 2. Calculate the highest common factor of z and 23.
23
Suppose -379 = -v - 9. Calculate the highest common divisor of v and 20.
10
Let b(t) = t**3 - 10*t**2 - 14*t - 29. Let n be b(12). What is the greatest common divisor of 21 and n?
7
Suppose -276 = -4*g - 16. Let o = g + -58. What is the highest common divisor of o and 56?
7
Suppose 72 - 54 = p. What is the highest common divisor of 1179 and p?
9
Let d be (-528)/10*(-1 + (-693)/27). Calculate the highest common divisor of d and 16.
16
Suppose 2 = 2*w - 4. Let l be 5 - (-5 - (0 + -10)). Suppose -8*z + 78 = -4*z + w*h, l = 4*z + h - 82. Calculate the greatest common divisor of z and 168.
21
Suppose 13 + 46 = 3*t + 4*a, 5*t - 4*a - 77 = 0. Suppose -4*l - 60 - 166 = -2*w, -5*w + 598 = l. Calculate the greatest common factor of w and t.
17
Let n be 56 - 51 - (-31 - 0). What is the highest common divisor of 20 and n?
4
Let i be (-52)/(-156) - (206/(-3) - -1). What is the highest common factor of i and 51?
17
Suppose 9*k = -115 - 92. Let d be 1/(2/50) - (-22 - k). What is the highest common factor of d and 24?
24
Let a(d) = -2*d**2 + 5*d - 5. Let w be a(8). Let c = -37 - w. Let l be (-23)/(-1) + 1 + 4. Calculate the highest common factor of l and c.
28
Let o = -158 - -78. Let p = -29 - o. What is the highest common factor of 34 and p?
17
Let r(u) = 7*u**3 - 5*u**2 - u + 13. Let v be r(3). What is the greatest common factor of v and 44?
22
Let q(w) = -3*w**3 + w**2 - 14*w + 44. Let c be q(-7). Calculate the highes